= -2*f + 84. What is the tens digit of m?
2
Suppose -4*y + 8 + 6 = 2*o, -3 = -3*y - 4*o. Suppose 0*f + f = 4*w - 3, y*f = 2*w + 3. Suppose 2*t - f = 3. What is the units digit of t?
2
Let k(z) = -12*z. Suppose -3 = 3*l - 0. What is the units digit of k(l)?
2
Let h(r) = -34*r + 8. What is the units digit of h(-5)?
8
Suppose 2*v = 5*z - 113 - 49, 2*v - 76 = -2*z. What is the tens digit of z?
3
Let f = -59 + 101. What is the units digit of f?
2
Let q(j) = -j**3 + 6*j**2 + 10*j - 2. Let v be q(7). Suppose -4*c = 5*k - 90, 3*k + 4*c - v - 35 = 0. What is the tens digit of k?
1
Let l(y) = 2*y**2 + 1 - 1 - 4 + 6*y**2. What is the tens digit of l(2)?
2
Let i(n) = n. Let m(u) = -2*u + 3. Let j(x) = 3*i(x) + m(x). Let v(o) = -o**3 - 8*o**2 - 8*o. Let r be v(-7). What is the tens digit of j(r)?
1
Let k = 7 + -5. What is the tens digit of (1 - k) + 132/4?
3
Suppose u = 170 - 35. What is the units digit of u?
5
Let d = -6 - 3. Let q(g) = -4*g + 7. What is the units digit of q(d)?
3
Let b = 3 - -1. Suppose -2*j + b*j - 6 = 0. Suppose 84 = 4*n + 5*x, 5*n + j*x = -2*x + 100. What is the units digit of n?
6
Let x(o) be the third derivative of -o**5/120 + 13*o**4/24 - 2*o**3/3 + 3*o**2. Let g(k) be the first derivative of x(k). What is the units digit of g(6)?
7
Let f(x) = -x - 10. Let r be f(-10). Suppose 0 = -r*d - d + 10. What is the tens digit of d?
1
Let q(m) = 2*m - 4. Let l = -18 + 26. What is the tens digit of q(l)?
1
Suppose -m + 25 = 4*m. Let i(a) = a - 1. Let q be i(m). Suppose 1 = -q*u + 5. What is the units digit of u?
1
Suppose 0 = 5*a - 5*u - 45, -4*a + 4*u = 6*u - 18. Let y(f) = 3*f + 5. What is the tens digit of y(a)?
2
Let r(l) = -l**3 + 9*l**2 + 7*l - 12. Let g be r(10). Let d be 12/g - 16/(-7). Suppose 0 = d*c - 3*c + 14. What is the units digit of c?
4
What is the tens digit of (2/(-3) + 2)*(-1443)/(-26)?
7
Suppose -5*a + 2*a + 78 = 0. Let b = a + -9. What is the units digit of b?
7
Suppose 7*l = 25 + 1039. What is the units digit of l?
2
Suppose 4*n = -3*b + 4, -4*n - b - 3*b + 8 = 0. Let v = 7 + n. Let g = 7 - v. What is the units digit of g?
2
Let k(w) = -w**2 - 11*w. What is the tens digit of k(-6)?
3
Let y = 4 - 6. Let j = -6 - 2. What is the units digit of (-1)/2*j - y?
6
Suppose -5*l + 37 = 3*s, 0*l + 9 = s + 5*l. Suppose -m - 4*u + s = -0*m, m = -u + 5. Suppose 0 = -m*a + a + 15. What is the tens digit of a?
1
What is the tens digit of 4/(-6) - 94/(-6)?
1
Let n be 0 - 9/(-1) - 3. Let t(d) = 3*d - 8. What is the tens digit of t(n)?
1
What is the tens digit of 808/12*3*(-4)/(-8)?
0
Let p be 42/24*(-3 + -1). Let l = 13 + p. What is the units digit of l?
6
Suppose -12 = -3*i - 0*i. Suppose 2*l = -4*z + 102, -4*z - 2*l = l - 105. Suppose i*m + 0*m = z. What is the units digit of m?
6
Let z(p) be the first derivative of p**4/4 + 7*p**3/3 + p**2/2 + p + 3. What is the tens digit of z(-6)?
3
Let h = 194 + -110. What is the tens digit of h?
8
Let f = -33 + 22. Let o = 7 - f. Suppose -c - o = -n, 0*c - 20 = -5*c. What is the units digit of n?
2
Let t(q) = -q**3 - q**2 + 7*q + 7. What is the units digit of t(-4)?
7
Let o = 20 - 8. What is the tens digit of o?
1
Let o be ((-19)/(-3 + 2))/1. Suppose 4*m = -3*z + 50, 4*z - o = -3*m + 22. What is the units digit of m?
1
Suppose 5*n = 9 + 6. Let z(k) = k + 3. What is the units digit of z(n)?
6
Suppose 0 = i + 3*f - 35, -3*i + 105 = 3*f - 2*f. Suppose 0 = -2*w - 7 + i. What is the tens digit of w?
1
Suppose 4*d - 172 = 5*g, 3*d - 168 = 3*g - 39. What is the tens digit of d?
4
Suppose 3*u - 3*x = 390, -x = -5*u - 2*x + 620. What is the units digit of u?
5
Let g(u) = -10*u**3 + u**2 + 10. What is the hundreds digit of g(-3)?
2
Suppose 4*u + 3 = -4*g + 11, -10 = -5*u + 3*g. Let s = u + -2. Suppose 5*y - 27 = 3*k, -k + 13 = 2*y - s*y. What is the units digit of y?
6
Let m(y) = -y**3 - 2*y**2 + 2. Suppose -3*t - 9 = -0. Let f be m(t). Let w = -3 + f. What is the units digit of w?
8
Let v(y) = -2*y**2 - 1. Suppose -2*k + m - 3 = 0, -2*k + 26 = -k + 5*m. Let s be v(k). What is the units digit of (s/4)/((-1)/4)?
3
Let t be (2/(-3))/((-18)/(-81)). Let o(g) = -g**3 + 3*g**2 + 2*g. What is the tens digit of o(t)?
4
Suppose 14*h - 9*h = -p + 370, 2*h = 4*p - 1502. What is the tens digit of p?
7
Let x = -6 + 10. Suppose -x*h = 19 - 47. What is the units digit of h?
7
Suppose c = 4*g + 4*c - 32, g + 4*c - 21 = 0. Suppose -2*a + 10*m - g*m + 8 = 0, 2*a + 2*m - 36 = 0. Suppose -10 - a = -2*q. What is the units digit of q?
2
Let u = 2 + -2. Suppose u = -5*j + 3*j + 2*g + 16, 19 = 2*j - 5*g. What is the units digit of j?
7
Suppose 0 = -g - 3*k - 4, 5*k - 6 = -5*g + 4. Suppose -g*a + 2*a = -63. What is the units digit of a?
1
Suppose -3*h - 2*w = -16, -3*h - h - w = -23. Suppose 74 = h*q - 4*q. What is the units digit of q?
7
Let t(x) = 12*x - 19. What is the units digit of t(7)?
5
Suppose 0 = -2*q + 147 + 201. What is the hundreds digit of q?
1
Let n(v) = 90*v**2 - v + 6. What is the units digit of n(2)?
4
Suppose 0*o = -o + 8. Let a(m) = m - 1 - m**2 + 8*m - 4. What is the units digit of a(o)?
3
Let h = 16 - 2. What is the tens digit of h?
1
Suppose -67 = -5*h - 4*a, 2*h - a = -2*h + 41. What is the tens digit of h?
1
Let h(r) be the third derivative of r**5/5 - r**4/12 - r**3/6 - 3*r**2. What is the units digit of h(-1)?
3
Let z = -7 - -9. Let s(c) = -z - 3*c + 12*c + 4 - c**2. What is the units digit of s(6)?
0
Let l be 18/4*(-50)/(-15). Let m = 37 - l. What is the tens digit of m?
2
Suppose -k - 5 = 2*b, 0*b + 3*k = -2*b - 3. Let w(j) = 4*j**2 + 1. Let m be w(-1). Let q = b + m. What is the units digit of q?
2
Suppose -h + 82 = -1. What is the tens digit of h?
8
Let b(r) = 3*r**2 - r. Suppose g = -4*g + 25. Suppose -2*j - g = -3. What is the units digit of b(j)?
4
Let v = 12 + -12. Suppose -24 = -v*r - 2*r. What is the units digit of r?
2
Suppose -2*x + 5 + 3 = -4*h, 2 = -4*x + 2*h. Let f(l) = -5*l**3 + 2*l**2 - l + 1. What is the units digit of f(x)?
1
Let n(a) = a**2 + 7*a + 9. Let y be (-4 - -2)/(2/4). Let t be (-96)/15 - y/10. What is the units digit of n(t)?
3
Let q(p) = 53*p + 20. What is the hundreds digit of q(5)?
2
Suppose 3*l - 116 = -l. What is the tens digit of l?
2
Let b = -4 - -9. Suppose b*m = 97 - 7. What is the tens digit of m?
1
Let p = 6 + -3. Suppose 4*f = 5*y - 71, p*y - 15 = -4*f + 34. What is the tens digit of y?
1
Let u(n) = -5 - 2*n**2 + 0 + 3*n - n**3 + 0*n**3. What is the tens digit of u(-4)?
1
Let v be 333/12 - 3/(-12). Let q = v - -2. What is the units digit of (-20)/q + 94/6?
5
Let s = -4 + 10. Suppose s*b - 10 = b. Suppose -3*a + b + 10 = 0. What is the units digit of a?
4
Suppose -4*u - 3*w + 14 = -5*w, -20 = -5*u + 5*w. Suppose 0 = 3*m - 4*m + k + 34, -u*k = 2*m - 48. What is the tens digit of m?
3
Let i(c) = c + 11. Let k be i(-8). Suppose 5*n + 3*m - 25 = 0, -3*n = k*m - 2*m - 15. What is the units digit of n?
5
Let o = 16 - 11. Let i be 2 - ((2 - 7) + -1). Suppose 2*a = -l - 0*a + 8, l = o*a + i. What is the units digit of l?
8
Suppose -2*i = -0*i + 16. Let v be ((-9)/12)/((-2)/(-8)). Let q = v - i. What is the units digit of q?
5
Let h = -8 + 15. What is the units digit of h?
7
Suppose 0 = -3*s - 3, 0 = 2*v + v + 3*s - 18. Suppose -1 + v = 2*m. Suppose 0 = -m*b - 0*b + 12. What is the units digit of b?
4
Suppose 2*f + q + 244 = 0, -f - 4*q = -3*f - 264. What is the units digit of (-6)/9 - f/6?
0
Suppose -3*a - 14 + 74 = 0. Suppose s = 5*s - a. What is the units digit of s?
5
Let k = 56 + -31. What is the tens digit of k?
2
Let b be -23 - ((-4)/(-2) - 1). Let q = b + 45. What is the units digit of q?
1
Suppose 3*d = -0*d - 9. Let v be (8 - 2) + d + -1. Let p(r) = 3*r**2 - 3*r + 3. What is the units digit of p(v)?
9
Let l = -3 + 3. Let i = -1 - l. What is the units digit of (i/3)/((-5)/15)?
1
Let s = -25 + 17. What is the units digit of (s/(-6))/((-4)/(-6))?
2
Let x(f) = -f**2 + 9*f - 1. Let v be x(10). Let a = v + 23. What is the tens digit of ((-14)/(-3))/(4/a)?
1
Let q be (-1 + 4)/(3/(-3)). Let b be (-50)/(-15) + 1/q. Suppose -y + b*y = 12. What is the units digit of y?
6
Let l(o) = 67*o. Let w be l(1). What is the tens digit of w/3 + 3/(-9)?
2
Let h(d) = 2*d**2 + 3*d - 2. Let b = -6 - -1. Let t be h(b). Suppose -3*f = -0*f - t. What is the units digit of f?
1
Let t(k) =